 and 10?
10
Suppose -4*b = s - 2 - 11, -4*s = b - 7. Let i(u) = b*u - 134 - 5*u**3 + 132 + u**2 + u**2 - 4*u. Let j be i(-1). What is the greatest common factor of j and 8?
2
Let r = -5678 - -6153. Calculate the highest common factor of 25 and r.
25
Suppose -z = 19*f - 16*f - 21, -3*z - 27 = -f. What is the highest common divisor of 10377 and f?
9
Let f = 9 + -10. Let n be 2/((-2)/(-35 + -2 + f)). Let w(p) = 2*p**2 + 7*p + 8. Let o be w(-6). What is the highest common divisor of o and n?
38
Suppose -2*q = -6 - 8. Suppose -2*v = -5*t - 39, 5*t + 11 = -0*v - 2*v. Calculate the greatest common divisor of v and q.
7
Suppose 27000 = 20*z - 3520. What is the greatest common divisor of 28 and z?
14
Let h be (6825 - 839) + -3*2*(-1)/(-2). Calculate the greatest common divisor of h and 31.
31
Suppose -209*w + 208*w - 27361 = -3*k, -4*k = 3*w - 36464. What is the highest common divisor of 33 and k?
11
Let o be (-36)/2*(-2)/2. Let q be 1/(1/o + 0). Let h(b) = -2344*b - 7029. Let w be h(-3). Calculate the greatest common factor of w and q.
3
Let d(s) = 5*s**2 - 6*s + 1. Let x be d(5). Suppose 5*k - 1006 + 199 = -13*v, 3*v - k - 197 = 0. What is the highest common divisor of v and x?
32
Suppose -4*p + 1770 + 10930 = 0. What is the greatest common factor of p and 25?
25
Let z(c) = 26*c**2 + 2*c - 3. Let v be z(1). Calculate the greatest common factor of 1675 and v.
25
Let r(v) = -v**3 - 21*v**2 + 18. Let t be r(-21). Suppose -1 = -t*g + 89. What is the highest common divisor of 55 and g?
5
Suppose -7*t = 1827 - 357. Let l be (8/16)/((-1)/t). What is the highest common factor of l and 15?
15
Let d = 76 + 39. Let k = -60 + d. Let w(z) = -49*z + 691. Let s be w(14). What is the highest common divisor of k and s?
5
Suppose 6646 = 178*d + 170*d - 73742. Calculate the highest common divisor of 4785 and d.
33
Let d be 294/(-63) - (1 + (-15)/9). Let g be (d - (4 - -106))/(-1). What is the greatest common factor of g and 57?
57
Let x = -5 - 290. Let z = x - -300. Calculate the greatest common factor of z and 3.
1
Let x be (-5)/110*-606 + (-2226)/4081. Suppose 2*t - 834 + 100 = 0. Suppose 0 = 4*u - t - 605. Calculate the greatest common divisor of x and u.
27
Let j = 362 - -172. Let y = -63730 + 63736. What is the highest common divisor of j and y?
6
Let q(s) = s**3 + 4*s**2 - 21*s + 1030. Let v be q(0). Calculate the greatest common divisor of v and 80.
10
Let k be 199/4 + 3/12. Suppose 0 = -3*x - 2*f + 391, -14*x - 35*f + 1726 = -38*f. Calculate the highest common divisor of k and x.
25
Let q(n) = n**3 + 17*n**2 + 4*n + 49. Let c be q(-17). Let k be (5 - 10 - c)/((-1)/(-2)). What is the greatest common factor of k and 168?
28
Suppose -146 = -14*r + 484. Calculate the greatest common factor of 320 and r.
5
Suppose 2128 = 18*l + 20*l. Suppose 3*k = 56 - 8. What is the highest common factor of k and l?
8
Suppose s - 5*n = -5, s + 5*n + 9 = 4. Let h be s/(852/(-212) + 4)*1. Calculate the greatest common factor of 159 and h.
53
Let p be (-3)/(-30) + (4 - 3073/(-70)). Calculate the greatest common divisor of p and 3192.
24
Suppose 2*g = -0 + 4. Suppose 4 = -j - g*d, 4*d + 29 = 3*j + 1. Let z be 2 - 123/(-3) - -1. What is the greatest common factor of j and z?
4
Let x(u) = -5*u**2 + 35*u - 48. Let z be x(3). What is the greatest common factor of z and 4398?
6
Let m(b) = -7487*b**3 + 48*b + 49. Let h be m(-1). Calculate the highest common factor of 117 and h.
117
Let a = 804 + -781. Calculate the highest common factor of a and 3427.
23
Let y = -2 + 1. Let d = y + 7. Let j be 327 + -212 + 15*1 - 16. What is the highest common factor of d and j?
6
Suppose -5782*x + 5860*x = 2496. Suppose -5*t = 3*h - 6*h - 34, -2*h = t - 12. Calculate the greatest common factor of t and x.
8
Let j = 351 - 163. Calculate the greatest common factor of j and 2444.
188
Let z = 439 - 434. Suppose -z*l = 3*v - 1303, -l = -21*v + 25*v - 1760. Calculate the highest common factor of 49 and v.
49
Let b = -23469 - -24105. Calculate the greatest common factor of b and 2014.
106
Let v = -1235 + 1383. Calculate the highest common divisor of v and 7.
1
Suppose -773*w = -294812 - 391612. Calculate the highest common divisor of w and 120.
24
Suppose -8*y + 4*i + 76 = 0, -8*y + 5*i + 32 = -7*y. What is the highest common divisor of 3073 and y?
7
Suppose -2*p - c + 215 = 0, p - 2*c = -p + 218. What is the highest common factor of p and 3942?
54
Suppose -75*u - 2 = -73*u. Let j be ((-34)/(-6) - 4)/(u/(-9)). Calculate the greatest common divisor of j and 375.
15
Suppose 1967 - 1868 = 11*x. Calculate the greatest common factor of x and 6687.
9
Let i be (5580/(-1085))/(((-6)/(-45))/((-28)/5)). Suppose -72 = -4*x + x. What is the greatest common factor of x and i?
24
Let r = 6 + -1. Suppose 4*h + r + 10 = -5*q, 0 = q - h + 3. Let z be q*2 + 3 + 133. What is the highest common divisor of z and 13?
13
Suppose -2*s + 514 = 4*w - w, 0 = 5*w + 3*s - 857. Suppose -12*h - w = -16*h. What is the greatest common divisor of h and 344?
43
Let z be 11/33 + 868/42. Calculate the greatest common factor of z and 490.
7
Suppose 3*i - 59 - 61 = -5*k, -2*i + 3*k = -80. Suppose z + 192 = 2*b + 2*z, 3*z = -24. Calculate the highest common factor of b and i.
20
Suppose 2*l = 4*u - 40, 0 - 10 = -u - 2*l. Suppose 4*i - 30 = -2*k, 2*i - 3*k - 6 = -k. Suppose -h + i + 4 = 0. Calculate the highest common divisor of h and u.
10
Let k = -2808 - -2813. Calculate the highest common divisor of k and 53.
1
Suppose -f - 4*f + 45 = 2*l, -l = -f + 9. Let b be (72/44)/f + 4/(-22). Suppose -16*k + 3*k + 546 = b. Calculate the highest common factor of 6 and k.
6
Suppose -712 = -11*d + 9*d. Let j = -278 + d. Calculate the greatest common divisor of 130 and j.
26
Suppose 15*v + 1188 = 26*v. Suppose b = -5*l + 18 + 80, -5*l = -4*b - v. Calculate the highest common divisor of 240 and l.
20
Let j(r) = 11*r**3 + 5*r**2 - 3*r - 13. Let q be j(3). Calculate the greatest common divisor of 2160 and q.
80
Suppose -11*f + 2484 = 12*f - 0*f. Calculate the greatest common factor of 80 and f.
4
Suppose -5*d - 12 + 22 = 0. Suppose 0 = -b + 3*p + 25, -8*b + 26 = -7*b - d*p. What is the highest common factor of b and 448?
28
Suppose w - 1488 = 5*a, -5*w = -7*a + 6*a - 7296. What is the greatest common factor of w and 54?
54
Let c(k) = k**3 - k**2 - 2*k - 180. Let u be c(0). Let m be (u/(-21))/(1/224*4). What is the highest common divisor of m and 15?
15
Suppose -15 = -3*c + 3. Let i be 6/((-72)/(-20)) + (-157)/(-3). Suppose 0 = -5*z - w + 206, 5*z - 3*w = 4*z + i. Calculate the highest common factor of c and z.
6
Let j = 18450 + -18307. Calculate the highest common factor of 15301 and j.
143
Let n(j) = 8032*j**2 + 2*j + 1. Let r be n(1). Suppose 12*s + 1915 - r = 0. Suppose -8*v + s + 170 = 0. Calculate the greatest common factor of 17 and v.
17
Suppose 13395 = 99*g - 42*g. What is the greatest common factor of g and 35?
5
Let y(p) = -557*p - 1065. Let m be y(-2). What is the highest common divisor of 4949 and m?
49
Let s be (-2363)/(-85) - (-18)/15. Let o be ((-28)/(-6) + (-4)/(-12))*s. What is the highest common divisor of 5 and o?
5
Let l be 3300/88 + 1/(4/2). Suppose l = -4*v + 134. Calculate the greatest common factor of 40 and v.
8
Let a be ((-624)/(-40))/((-12)/(-40)). Calculate the highest common factor of a and 2158.
26
Let t be (-44)/(-6) + 14/21. Let l(h) = h**2 - 4*h - 8. Let v be l(t). Let w = 11 - 3. What is the greatest common factor of w and v?
8
Suppose -56 = -5*z + 44. Let w be (1 + 0)/(-6 + 2163/360). Suppose 30 - w = -3*l. What is the greatest common factor of l and z?
10
Suppose 20*r = -196*r + 86400. Calculate the greatest common factor of 3500 and r.
100
Let g(k) = k**2 - 4*k + 7. Let d(a) = -4*a + 11. Let l be d(2). Let f be g(l). Suppose -f*b - 3*b = -210. Calculate the greatest common divisor of 20 and b.
10
Let p be (58 + 1)*10 - 12. What is the highest common divisor of 493 and p?
17
Let i = 9 + -6. Suppose -4*f + 2*j = 2, 0 = f + 2*j + i*j + 6. Let d = 5 + f. Calculate the greatest common factor of d and 28.
4
Let a = 39 + -122. Let t = -67 - a. Suppose 4*d + 2*h = 566, -4*h = -2*d - 0*h + 308. What is the highest common divisor of d and t?
16
Let w = -23614 + 40618. What is the greatest common factor of 39 and w?
39
Suppose -40 = 6*u +